f 1152 and 18.
18
What is the highest common factor of 8 and 128?
8
Calculate the greatest common factor of 172 and 129.
43
Calculate the greatest common factor of 585 and 9.
9
Calculate the highest common factor of 232 and 108.
4
Calculate the greatest common factor of 801 and 9.
9
What is the greatest common factor of 55 and 605?
55
Calculate the greatest common factor of 270 and 960.
30
What is the greatest common divisor of 28 and 77?
7
What is the highest common factor of 22 and 385?
11
Calculate the highest common factor of 15 and 465.
15
What is the greatest common divisor of 1110 and 23754?
222
What is the greatest common divisor of 217 and 31?
31
Calculate the highest common factor of 41 and 123.
41
Calculate the highest common factor of 544 and 160.
32
What is the greatest common factor of 504 and 288?
72
What is the highest common factor of 140 and 76230?
70
Calculate the greatest common divisor of 567 and 648.
81
What is the highest common factor of 1139 and 134?
67
What is the highest common factor of 27 and 477?
9
What is the highest common divisor of 3612 and 84?
84
What is the highest common factor of 1 and 1511?
1
What is the greatest common divisor of 62 and 775?
31
Calculate the greatest common factor of 24 and 3000.
24
What is the highest common divisor of 100 and 32?
4
What is the greatest common divisor of 9 and 21?
3
Calculate the greatest common divisor of 138 and 48.
6
Calculate the greatest common factor of 1089 and 2079.
99
Calculate the greatest common factor of 10 and 370.
10
What is the highest common divisor of 50 and 225?
25
Calculate the greatest common factor of 14632 and 708.
236
What is the greatest common factor of 865 and 90?
5
Calculate the highest common divisor of 213 and 26199.
213
Calculate the greatest common divisor of 120 and 3324.
12
What is the highest common factor of 7697 and 43?
43
Calculate the highest common factor of 40673 and 1371.
457
Calculate the greatest common factor of 406 and 116.
58
What is the highest common factor of 45 and 4041?
9
Calculate the highest common divisor of 22 and 710.
2
What is the highest common divisor of 112 and 7?
7
Calculate the greatest common divisor of 35 and 115.
5
What is the greatest common factor of 272 and 1003?
17
Calculate the greatest common factor of 561 and 34.
17
What is the greatest common divisor of 49 and 49?
49
Calculate the highest common divisor of 10 and 808.
2
What is the greatest common factor of 2656 and 32?
32
What is the greatest common factor of 205 and 82?
41
What is the greatest common factor of 612 and 272?
68
Calculate the greatest common divisor of 15 and 1695.
15
What is the greatest common divisor of 55 and 1595?
55
Calculate the greatest common factor of 3808 and 5474.
238
What is the highest common divisor of 6 and 162?
6
What is the highest common divisor of 33 and 88?
11
What is the greatest common factor of 5893 and 71?
71
What is the highest common factor of 53 and 1?
1
What is the highest common divisor of 58 and 2436?
58
What is the highest common factor of 506 and 3174?
46
Calculate the greatest common divisor of 53 and 1961.
53
Calculate the greatest common factor of 11603 and 41.
41
Calculate the greatest common divisor of 2640 and 384.
48
What is the highest common divisor of 16 and 1592?
8
What is the highest common divisor of 12 and 2682?
6
What is the greatest common factor of 245 and 25?
5
Calculate the greatest common factor of 2886 and 74.
74
Calculate the greatest common divisor of 84 and 546.
42
What is the highest common divisor of 273 and 189?
21
Calculate the greatest common factor of 14 and 7.
7
Calculate the highest common divisor of 756 and 56.
28
What is the greatest common factor of 57 and 9253?
19
Calculate the greatest common factor of 115 and 30.
5
What is the greatest common factor of 6 and 13?
1
What is the highest common divisor of 504 and 728?
56
Calculate the highest common divisor of 506 and 92.
46
Calculate the greatest common divisor of 3288 and 24.
24
What is the highest common factor of 4 and 772?
4
Calculate the greatest common factor of 49 and 7.
7
Calculate the highest common divisor of 3042 and 18.
18
What is the highest common divisor of 182 and 520?
26
What is the greatest common divisor of 48 and 848?
16
What is the greatest common divisor of 55 and 3?
1
What is the highest common factor of 6890 and 20?
10
Calculate the greatest common factor of 8239 and 154.
77
Calculate the greatest common factor of 962 and 26.
26
What is the highest common divisor of 972 and 1377?
81
What is the highest common factor of 252 and 56?
28
Calculate the highest common factor of 204 and 12.
12
What is the greatest common factor of 4895 and 44?
11
What is the highest common factor of 65 and 117?
13
What is the highest common divisor of 273 and 42?
21
Calculate the greatest common factor of 1596 and 56.
28
What is the greatest common divisor of 45 and 165?
15
Calculate the greatest common factor of 32 and 104.
8
Calculate the greatest common factor of 5 and 7985.
5
Calculate the greatest common divisor of 16181 and 11.
11
Calculate the greatest common factor of 6831 and 9.
9
What is the greatest common factor of 512 and 40?
8
Calculate the highest common divisor of 5 and 2.
1
Calculate the greatest common factor of 61 and 793.
61
What is the highest common factor of 2095 and 50?
5
Calculate the highest common divisor of 3 and 519.
3
What is the highest common factor of 8 and 49?
1
Calculate the highest common divisor of 1711 and 177.
59
Calculate the greatest common factor of 168 and 714.
42
What is the highest common divisor of 1431 and 27?
27
Calculate the greatest common factor of 228 and 48.
12
Calculate the highest common factor of 207 and 6072.
69
Calculate the highest common divisor of 19 and 33953.
19
Calculate the highest common factor of 3042 and 18.
18
What is the highest common divisor of 90 and 90?
90
What is the highest common factor of 172 and 215?
43
Calculate the highest common factor of 112 and 16.
16
What is the greatest common divisor of 105 and 15?
15
What is the highest common factor of 264 and 648?
24
What is the highest common divisor of 81 and 162?
81
Calculate the highest common factor of 32372 and 4.
4
Calculate the highest common factor of 345 and 18.
3
Calculate the highest common divisor of 4 and 64.
4
Calculate the greatest common divisor of 18117 and 183.
183
Calculate the greatest common divisor of 36 and 288.
36
Calculate the greatest common factor of 84 and 1554.
42
Calculate the highest common factor of 33 and 12.
3
What is the greatest common divisor of 342 and 6669?
171
Calculate the greatest common divisor of 105 and 84.
21
Calculate the greatest common factor of 40 and 5.
5
Calculate the highest common divisor of 969 and 51.
51
What is the highest common divisor of 3211 and 507?
169
What is the greatest common divisor of 13 and 89?
1
Calculate the highest common divisor of 2412 and 162.
18
Calculate the highest common divisor of 49 and 112.
7
What is the greatest common divisor of 2178 and 330?
66
What is the highest common divisor of 4169 and 11?
11
What is the greatest common factor of 1791 and 9?
9
What is the greatest common factor of 725 and 29?
29
Calculate the highest common factor of 16 and 1648.
16
What is the highest common factor of 299 and 16?
1
Calculate the highest common divisor of 102 and 13056.
102
What is the greatest common factor of 258 and 36?
6
Calculate the greatest common factor of 274 and 959.
137
Calculate the greatest common divisor of 465 and 1581.
93
What is the greatest common divisor of 60 and 492?
12
Calculate the greatest common factor of 18 and 48.
6
Calculate the greatest common divisor of 15 and 105.
15
What is the greatest common factor of 1519 and 31?
31
What is the greatest common factor of 800 and 225?
25
Calculate the greatest common divisor of 79 and 869.
79
What is the highest common factor of 516 and 12?
12
Calculate the greatest common factor of 24585 and 330.
165
Calculate the highest common divisor of 3 and 243.
3
What is the highest common factor of 868 and 84?
28
What is the highest common factor of 120 and 405?
15
Calculate the greatest common divisor of 126 and 1422.
18
What is the highest common factor of 